isor of 140368 and 5611?
31
What is the greatest common factor of 171 and 44061?
57
Calculate the highest common divisor of 2400645 and 2535.
2535
What is the highest common factor of 16562 and 332423?
1183
What is the greatest common factor of 111 and 169164?
111
What is the greatest common factor of 2057 and 629?
17
Calculate the highest common factor of 122130 and 285.
15
Calculate the greatest common factor of 5245 and 2175.
5
Calculate the greatest common factor of 303 and 721443.
303
Calculate the greatest common factor of 44 and 860684.
44
What is the highest common divisor of 59392 and 580?
116
Calculate the highest common factor of 8366 and 19693.
47
What is the greatest common divisor of 34 and 19057?
17
Calculate the greatest common factor of 26590 and 10.
10
Calculate the greatest common factor of 2356 and 1577.
19
Calculate the highest common factor of 62179 and 13.
13
Calculate the greatest common factor of 2136 and 3768.
24
What is the greatest common factor of 1448 and 4016?
8
What is the greatest common factor of 5292 and 72450?
126
Calculate the highest common divisor of 862275 and 1050.
75
What is the highest common divisor of 8645 and 39?
13
Calculate the highest common divisor of 19318 and 26.
26
Calculate the highest common factor of 58517 and 14719.
359
Calculate the greatest common divisor of 1421805 and 495.
165
Calculate the greatest common factor of 146970 and 160.
10
What is the greatest common factor of 27 and 542583?
9
What is the highest common divisor of 332 and 1258?
2
What is the highest common divisor of 129660 and 120?
60
What is the highest common factor of 1748 and 162868?
76
Calculate the highest common divisor of 287 and 1599.
41
Calculate the greatest common divisor of 1014 and 155649.
507
What is the highest common divisor of 515146 and 19297?
839
What is the greatest common divisor of 4576 and 5044?
52
Calculate the highest common divisor of 421820 and 184.
92
Calculate the highest common factor of 1071750 and 125.
125
What is the greatest common divisor of 505210 and 70?
10
Calculate the highest common factor of 65695 and 1295.
35
What is the greatest common divisor of 49650 and 230?
10
Calculate the greatest common factor of 3213 and 1155.
21
What is the highest common divisor of 287 and 2283659?
287
Calculate the highest common factor of 25224 and 3.
3
What is the highest common factor of 543 and 84889?
181
Calculate the greatest common divisor of 8132739 and 141.
141
Calculate the highest common divisor of 14018 and 652.
326
Calculate the highest common divisor of 140 and 1637020.
140
Calculate the greatest common divisor of 62916 and 48.
12
Calculate the highest common factor of 1576105 and 2.
1
Calculate the greatest common factor of 13368 and 24.
24
Calculate the greatest common factor of 3216 and 42210.
402
What is the greatest common factor of 60 and 36220?
20
Calculate the highest common divisor of 17237 and 176.
11
Calculate the greatest common divisor of 1433 and 41.
1
What is the highest common factor of 38 and 453891?
19
What is the highest common divisor of 11976 and 61?
1
What is the greatest common divisor of 583 and 10123?
53
What is the greatest common divisor of 1311 and 589?
19
Calculate the highest common factor of 8927823 and 2157.
2157
Calculate the highest common factor of 262353 and 637.
91
What is the highest common divisor of 93 and 23033?
31
What is the highest common divisor of 1510920 and 1800?
360
What is the greatest common factor of 9056117 and 1141?
1141
What is the highest common factor of 29673 and 314?
157
Calculate the highest common factor of 17244 and 504.
36
Calculate the highest common divisor of 3072 and 464.
16
What is the highest common divisor of 1364 and 2976?
124
What is the greatest common divisor of 51 and 133671?
51
Calculate the highest common factor of 29 and 16501.
29
Calculate the highest common divisor of 8176 and 3262.
14
Calculate the greatest common factor of 2499 and 91140.
147
What is the greatest common factor of 453473 and 29?
29
Calculate the highest common divisor of 60 and 22305.
15
Calculate the greatest common factor of 3569 and 2407.
83
What is the highest common factor of 70360 and 160?
40
Calculate the highest common divisor of 177122 and 830.
166
Calculate the highest common divisor of 30 and 1910.
10
What is the greatest common factor of 19 and 2111945?
19
Calculate the highest common divisor of 13630 and 6670.
290
What is the highest common factor of 114982 and 382?
382
Calculate the highest common factor of 7504 and 5152.
112
What is the greatest common divisor of 212 and 747724?
212
Calculate the highest common factor of 195380 and 20.
20
Calculate the greatest common divisor of 38 and 1280429.
19
What is the highest common divisor of 7657 and 12896?
403
Calculate the highest common factor of 16 and 359.
1
What is the highest common factor of 10520 and 2480?
40
What is the highest common factor of 1432692 and 72?
36
What is the greatest common factor of 32820 and 21?
3
What is the greatest common factor of 1995 and 170310?
105
Calculate the greatest common divisor of 135774 and 5472.
342
Calculate the highest common divisor of 46647 and 84096.
657
What is the highest common divisor of 39808 and 704?
64
What is the greatest common factor of 4836 and 372775?
403
Calculate the greatest common divisor of 6510 and 13206.
186
Calculate the greatest common factor of 189 and 5061.
21
Calculate the greatest common divisor of 35800 and 4990.
10
Calculate the highest common factor of 46008 and 234.
18
What is the greatest common factor of 280 and 4880?
40
Calculate the greatest common divisor of 4 and 704076.
4
Calculate the greatest common factor of 672 and 484.
4
What is the greatest common factor of 12420 and 10810?
230
What is the greatest common divisor of 311 and 244757?
311
What is the highest common divisor of 1298707 and 19?
19
Calculate the greatest common factor of 110 and 7340.
10
Calculate the greatest common factor of 26992 and 2384.
16
Calculate the highest common factor of 3792452 and 956.
956
Calculate the highest common divisor of 37162 and 102.
34
Calculate the greatest common divisor of 949 and 169.
13
What is the greatest common divisor of 14101 and 9799?
239
Calculate the highest common factor of 13 and 18317.
13
What is the highest common factor of 2014 and 774383?
1007
Calculate the highest common factor of 38 and 3862396.
38
Calculate the highest common divisor of 306 and 54.
18
Calculate the highest common factor of 6706272 and 96.
96
Calculate the greatest common divisor of 42 and 4173204.
42
Calculate the greatest common divisor of 4339600 and 950.
950
Calculate the greatest common divisor of 40 and 1222152.
8
What is the greatest common factor of 478 and 1195?
239
What is the greatest common divisor of 65585 and 130?
65
Calculate the highest common factor of 10122 and 8862.
42
What is the highest common factor of 6396 and 4329?
39
Calculate the highest common divisor of 285 and 21185.
95
Calculate the greatest common factor of 6789522 and 1124.
562
Calculate the greatest common divisor of 16497 and 516672.
351
What is the greatest common divisor of 40 and 398380?
20
What is the greatest common divisor of 340 and 19618?
34
What is the highest common divisor of 152877 and 1572?
393
What is the highest common factor of 16575 and 7293?
663
Calculate the greatest common divisor of 10212 and 184.
92
What is the highest common factor of 111 and 7104?
111
What is the greatest common factor of 3250 and 94775?
25
What is the greatest common factor of 233945 and 4260?
355
What is the greatest common divisor of 13735 and 4355?
335
Calculate the greatest common factor of 665 and 532.
133
Calculate the highest common divisor of 1224 and 597006.
306
Calculate the highest common divisor of 474270 and 30.
30
Calculate the greatest common factor of 676 and 400868.
676
Calculate the greatest common divisor of 7837 and 25355.
461
Calculate the highest common divisor of 64 and 2643616.
32
Calculate the greatest common factor of 117294 and 11526.
678
Calculate the highest common divisor of 1015 and 235683.
203
What is the highest common divisor of 66131 and 13?
13
What is the greatest common factor of 21030 and 405?
15
What 